{"id":19,"date":"2023-10-08T15:01:44","date_gmt":"2023-10-08T12:01:44","guid":{"rendered":"https:\/\/ogutmeninsaat.com\/index.php\/elementor-plugin\/"},"modified":"2023-11-21T00:25:19","modified_gmt":"2023-11-20T21:25:19","slug":"elementor-plugin","status":"publish","type":"page","link":"https:\/\/ogutmeninsaat.com\/index.php\/elementor-plugin\/","title":{"rendered":"Yap\u0131 \u00c7e\u015fitlili\u011fi"},"content":{"rendered":"<p>\u00c7elik Konstr\u00fcksiyon, Beton ve Prefabrik yap\u0131lar<\/p>\n","protected":false},"excerpt":{"rendered":"<p>\u00c7elik Konstr\u00fcksiyon, Beton ve Prefabrik yap\u0131lar<\/p>\n","protected":false},"author":1,"featured_media":265,"parent":0,"menu_order":0,"comment_status":"closed","ping_status":"closed","template":"","meta":{"om_disable_all_campaigns":false,"_monsterinsights_skip_tracking":false,"_monsterinsights_sitenote_active":false,"_monsterinsights_sitenote_note":"","_monsterinsights_sitenote_category":0,"footnotes":""},"aioseo_notices":[],"_links":{"self":[{"href":"https:\/\/ogutmeninsaat.com\/index.php\/wp-json\/wp\/v2\/pages\/19"}],"collection":[{"href":"https:\/\/ogutmeninsaat.com\/index.php\/wp-json\/wp\/v2\/pages"}],"about":[{"href":"https:\/\/ogutmeninsaat.com\/index.php\/wp-json\/wp\/v2\/types\/page"}],"author":[{"embeddable":true,"href":"https:\/\/ogutmeninsaat.com\/index.php\/wp-json\/wp\/v2\/users\/1"}],"replies":[{"embeddable":true,"href":"https:\/\/ogutmeninsaat.com\/index.php\/wp-json\/wp\/v2\/comments?post=19"}],"version-history":[{"count":2,"href":"https:\/\/ogutmeninsaat.com\/index.php\/wp-json\/wp\/v2\/pages\/19\/revisions"}],"predecessor-version":[{"id":352,"href":"https:\/\/ogutmeninsaat.com\/index.php\/wp-json\/wp\/v2\/pages\/19\/revisions\/352"}],"wp:featuredmedia":[{"embeddable":true,"href":"https:\/\/ogutmeninsaat.com\/index.php\/wp-json\/wp\/v2\/media\/265"}],"wp:attachment":[{"href":"https:\/\/ogutmeninsaat.com\/index.php\/wp-json\/wp\/v2\/media?parent=19"}],"curies":[{"name":"wp","href":"https:\/\/api.w.org\/{rel}","templated":true}]}}